854?
False
Is 21 a factor of 323260140?
True
Does 5 divide 28465930?
True
Is 5949553 a multiple of 278?
False
Is 85 a factor of 160294955?
True
Is 18 a factor of 47397060?
True
Is 137174700 a multiple of 13?
True
Does 62 divide 383091437?
False
Does 119 divide 1240968?
False
Does 627 divide 30249206?
False
Does 803 divide 242965017?
False
Is 148 a factor of 11252184?
False
Does 34 divide 96649250?
True
Does 37 divide 588838239?
True
Is 1617 a factor of 62983509?
False
Is 179 a factor of 114644386?
False
Is 27218214 a multiple of 47?
False
Does 4637 divide 770924435?
True
Is 178803040 a multiple of 1612?
True
Does 3057 divide 1772867499?
False
Is 425 a factor of 26568025?
True
Is 986906826 a multiple of 4647?
False
Is 6 a factor of 13963494?
True
Is 24638849 a multiple of 96?
False
Does 2237 divide 185545728?
True
Does 324 divide 719771832?
True
Does 17 divide 40219943?
True
Is 13 a factor of 465183394?
True
Is 2715609 a multiple of 1167?
True
Does 9 divide 215074042?
False
Is 1362225431 a multiple of 2651?
False
Is 19 a factor of 210429788?
True
Does 5 divide 114455302?
False
Is 98 a factor of 23725702?
True
Does 453 divide 320801010?
True
Is 924 a factor of 160735344?
True
Does 435 divide 4672414605?
True
Is 191444423 a multiple of 703?
False
Is 141 a factor of 43953366?
True
Does 166 divide 35489416?
False
Is 217848965 a multiple of 82?
False
Is 11496327 a multiple of 177?
True
Does 22 divide 1022398806?
True
Is 100768151 a multiple of 153?
False
Is 8 a factor of 45466014?
False
Is 17 a factor of 102834734?
True
Is 2054 a factor of 535640066?
True
Is 354 a factor of 5650210992?
True
Is 990 a factor of 1085485155?
False
Is 30748284 a multiple of 63?
True
Is 57321927 a multiple of 145?
False
Is 227068 even?
True
Is 329510971 a multiple of 146?
False
Is 3426915699 a multiple of 22?
False
Does 2357 divide 92195776?
False
Does 34 divide 82521502?
True
Does 84 divide 654276?
True
Is 14 a factor of 126169078?
True
Does 230 divide 12108831?
False
Is 173 a factor of 22407652?
True
Is 30769620 a multiple of 122?
True
Is 146 a factor of 1015163550?
True
Does 130 divide 35948048?
False
Is 77 a factor of 8164695?
True
Is 65 a factor of 290159454?
False
Is 87904978 a multiple of 4?
False
Is 20572020 a multiple of 58?
True
Is 1469 a factor of 2168244?
True
Is 33 a factor of 255607264?
False
Is 148 a factor of 61826546?
False
Is 11 a factor of 285291879?
False
Is 132943258 a multiple of 191?
True
Is 19280571 a multiple of 89?
False
Is 29 a factor of 244396740?
False
Does 785 divide 69522740?
True
Is 4116768 a multiple of 16?
True
Does 138 divide 904197390?
True
Is 1008 a factor of 377954237?
False
Does 487 divide 27580481?
False
Does 1150 divide 37513000?
True
Does 60 divide 2847900?
True
Is 29313899 a multiple of 228?
False
Is 226140517 a multiple of 116?
False
Is 325 a factor of 1210020500?
True
Is 47 a factor of 457560227?
False
Does 61 divide 879142?
False
Is 36 a factor of 65051280?
True
Is 80 a factor of 2428579680?
True
Is 3564 a factor of 1959126299?
False
Is 111709005 a multiple of 17?
False
Is 477 a factor of 145159192?
False
Is 10601349 a multiple of 31?
True
Is 108895 a multiple of 2?
False
Does 96 divide 1335052335?
False
Does 68 divide 156968321?
False
Is 4519552038 a multiple of 5974?
True
Is 35329112 a multiple of 13?
True
Is 961 a factor of 313216960?
False
Is 389264965 a multiple of 27?
False
Is 2305974515 a multiple of 1121?
False
Does 3 divide 315969651?
True
Does 21 divide 4999700?
False
Is 1187700 a multiple of 1110?
True
Does 366 divide 54487662?
False
Is 1026 a factor of 471899860?
False
Does 863 divide 130374273?
True
Is 2 a factor of 6739330?
True
Is 23 a factor of 20137052?
True
Does 32 divide 225607855?
False
Is 4954472 a multiple of 164?
False
Does 2 divide 248566133?
False
Does 37 divide 273796448?
True
Does 9 divide 1013810052?
False
Does 3 divide 41090991?
True
Does 134 divide 17533364?
True
Is 139 a factor of 30421818?
True
Is 21852248 a multiple of 956?
True
Is 205 a factor of 1043614820?
True
Is 2502137792 a multiple of 9?
False
Does 46 divide 207158102?
True
Is 728 a factor of 100648912?
True
Is 29507103 a multiple of 61?
True
Is 61 a factor of 31970965?
False
Is 18 a factor of 351996426?
True
Is 5 a factor of 730695628?
False
Is 24215583 a multiple of 2711?
False
Is 46 a factor of 27529068?
True
Does 51 divide 100976217?
False
Is 5971 a factor of 651630839?
False
Is 54055002 a multiple of 102?
True
Does 30 divide 4701330?
True
Is 2111 a factor of 17675403?
True
Is 3373086070 a multiple of 6455?
True
Is 577 a factor of 1597669148?
True
Is 537 a factor of 12831078?
True
Is 372969 a multiple of 88?
False
Is 1901 a factor of 12832335?
False
Does 3423 divide 123991329?
True
Is 14 a factor of 567516656?
True
Is 424011231 a multiple of 111?
True
Is 941035110 a multiple of 72?
False
Is 816702231 a multiple of 9514?
False
Is 7 a factor of 603785917?
True
Does 166 divide 333932406?
True
Is 9 a factor of 181383682?
False
Is 6045 a factor of 300619865?
False
Is 35114024 a multiple of 88?
True
Is 509572514 a multiple of 4826?
True
Does 110 divide 762164476?
False
Is 14 a factor of 35202709?
False
Does 145 divide 779122570?
False
Is 440 a factor of 114258399?
False
Is 11346228 a multiple of 9?
True
Does 313 divide 1130354?
False
Is 1851318202 a multiple of 62?
True
Is 49680624 a multiple of 84?
True
Is 217 a factor of 4270560?
True
Does 358 divide 96247942?
True
Is 421 a factor of 883970089?
False
Is 160633408 a multiple of 52?
True
Is 679 a factor of 229207314?
True
Is 9 a factor of 2304221?
False
Is 118 a factor of 118400374?
True
Is 83556369 a multiple of 149?
True
Is 3 a factor of 3140498?
False
Does 343 divide 8588034?
True
Is 7844 a factor of 1111887000?
True
Does 11 divide 38885306?
False
Is 233562106 a multiple of 37?
False
Is 10 a factor of 315830550?
True
Is 176 a factor of 301035415?
False
Is 401647682 a multiple of 269?
False
Does 333 divide 52733214?
True
Is 256 a factor of 143456512?
True
Is 1748 a factor of 6317481760?
True
Does 28 divide 2803793?
False
Is 40 a factor of 19354200?
True
Is 119612904 a multiple of 27?
False
Does 3839 divide 69287201?
False
Is 104682124 a multiple of 86?
True
Does 1135 divide 77668050?
True
Is 82 a factor of 51945764?
False
Does 6 divide 105388848?
True
Is 13222046 a multiple of 123?
False
Does 44 divide 784489024?
True
Is 69145691 a multiple of 9?
False
Does 146 divide 64161534?
False
Is 118261258 a multiple of 552?
False
Is 524377818 a multiple of 34?
True
Is 11076319 a multiple of 14?
False
Is 1270831920 a multiple of 60?
True
Is 19529966 a multiple of 3?
False
Does 64 divide 122489614?
False
Does 1123 divide 35751828?
True
Is 472 a factor of 32723200?
False
Is 6050436 a multiple of 68?
True
Is 53190736 a multiple of 45?
False
Is 83706801 a multiple of 10?
False
Does 14 divide 608852790?
True
Is 487869 a multiple of 3?
True
Is 1817944232 a multiple of 67?
True
Is 3537 a factor of 100051119?
True
Is 7376 a factor of 3243454527?
False
Is 72061913 a multiple of 30?
False
Is 39 a factor of 5227014?
True
Is 108854022 a multiple of 499?
False
Is 716 a factor of 22049220?
True
Is 205887251 a multiple of 29?
False
Does 25 divide 24680700?
True
Is 1791037212 a multiple of 59?
False
Does 2 divide 190487607?
False
Is 2356013812 a multiple of 1970?
False
Is 309 a factor of 77890248?
True
Is 2700720 a multiple of 990?
True
Is 16 a factor of 43079410?
False
Does 130 divide 1206010?
True
Does 17 divide 29979763?
False
Is 45 a factor of 32996295?
True
Is 350574 a multiple of 14?
True
Is 105266249 a multiple of 11?
True
Is 1324816272 a multiple of 369?
True
Is 10823925 a multiple of 5?
True
Is 5 a factor of 8151750?
True
Is 115748556 a multiple of 77?
True
Is 16 a factor of 316691440?
True
Is 455012743 a multiple of 191?
False
Is 424 a factor of 370511650?
False
Is 13383276 a multiple of 6?
True
Is 222969227 a multiple of 437?
False
Is 373 a factor of 57288324?
True
Does 240 divide 59581154?
False
Is 98853234 a multiple of 1210?
False
Is 24656808 a multiple of 630?
False
Does 270 divide 100917879?
False
Is 3008336920 a multiple of 3898?
False
Is 1061299120 a multiple of 5474?
True
Is 1418 a factor of 93495830?
True
Is 1975 a factor of 70122375?
True
Is 76 a factor of 1416488?
True
Is 818296 a multi